3
What are the prime factors of ((-604)/(-906))/(1/5289)?
2, 41, 43
Let g = -426 + 65. Let r = 611 + g. Suppose -3*s + 419 = -r. What are the prime factors of s?
223
Suppose 7*j + 374469 = 38*j - 366493. List the prime factors of j.
2, 17, 19, 37
Suppose -6*q - 37156 = -4*v - 8*q, -4*q = -2*v + 18588. What are the prime factors of v?
2, 5, 929
Let l = 136 - 236. Let d be ((-33)/(-4))/(-3 + l/(-32)). Suppose -n + 58 = -d. List the prime factors of n.
2, 31
Suppose -2*u = 4*t - 14, -5*t = u - 6*u - 10. Suppose -12 = -4*r - 4*k, k + 6 = -2*r + t*k. What are the prime factors of 99/(-3)*((-13)/3 - r)?
11, 13
Let r(u) = 6497*u - 396. List the prime factors of r(4).
2, 7, 457
Let z be 52/14 + 2/7. Suppose -12 = -z*d, 7*r - 6*r - d = 381. List the prime factors of r.
2, 3
Suppose -65 = -6*h + 25. Suppose 680 + 4645 = h*i. What are the prime factors of i?
5, 71
Let k(y) = 141*y - 2. Let s be (-6 - -12)/(3 + 1/(-1)). Suppose 0 - 3 = -s*p - 5*t, p + 2*t - 1 = 0. What are the prime factors of k(p)?
139
List the prime factors of 9620 - 7 - (6 + -2 - (3 - -4)).
2, 601
Let n(v) = v**2 - 24*v + 182. Let g be -2*(8 - 14) + -3. List the prime factors of n(g).
47
Suppose 5*c = -4*q - 231 + 7880, 0 = -2*c + 2. What are the prime factors of q?
3, 7, 13
Suppose 2*a = -k + 13, a + 4*a - 2*k - 10 = 0. Let n be ((a - 8) + 9)*-1. Let v(h) = -33*h - 5. What are the prime factors of v(n)?
2, 5
Let y = 259 + -274. Let h(q) = -20*q - 18. List the prime factors of h(y).
2, 3, 47
Suppose 386*r + 4*a - 2519 = 381*r, 5*r + 3*a - 2513 = 0. What are the prime factors of r?
499
Suppose -4*f - 4*v + 37 = 9, 5*f - 39 = -3*v. Suppose 0 = -5*w + f + 1. Suppose 5*j + 73 = 2*u - 0*j, -w*u + 3*j = -75. List the prime factors of u.
3, 13
Suppose 35*n - 31*n + 2*o = -26, -4*n + 5*o - 5 = 0. What are the prime factors of (n - 3/12*-22)*12?
2, 3
Suppose 2*s - 46 = -4*h, 5*s - 10*s = -3*h + 67. Suppose 0 = h*k - 12*k - 466. What are the prime factors of k?
233
Suppose 31*f + 13*f - 180023 - 451113 = 0. What are the prime factors of f?
2, 11, 163
Let n = -13219 - -18863. List the prime factors of n.
2, 17, 83
Suppose -22 = -d + 20. Suppose -2*s + 5*s - d = 0. Suppose 0 = -2*l + 5*k + s, 5*l - k = 4*k + 65. What are the prime factors of l?
17
Suppose -186862 = -131*p + 118*p. What are the prime factors of p?
2, 7187
Suppose -249 = -3*f - 72. Let k = f - 56. Suppose -4*z + 29 = -k. What are the prime factors of z?
2
Let g(l) = -l**3 + 9*l**2 - 7*l + 1. Let r be g(8). Let b = r - -3. Let a(v) = 6*v + 38. List the prime factors of a(b).
2, 5, 11
Let y = 584 - 378. Let u be (-6)/81 - (-112)/54. Suppose -3*q - 2*x + 392 = q, -u*q + y = -4*x. List the prime factors of q.
3, 11
Let l(o) = 10*o + 885. What are the prime factors of l(88)?
5, 353
Let t(q) = 3*q**3 - 77*q**2 - 122*q - 7. List the prime factors of t(41).
7, 10331
Suppose -3*k + 200*q = 204*q - 79467, -5*k + 132387 = -3*q. List the prime factors of k.
3, 7, 13, 97
Suppose -j + 2*a = -14597, 3*j - 30229 = 4*a + 13564. What are the prime factors of j?
13, 1123
Let g(m) be the second derivative of 19*m**3/2 - 15*m**2/2 - 11*m. Let c be g(4). Let p = c - 106. List the prime factors of p.
107
Let v = 458 - 261. Let b = v + 249. List the prime factors of b.
2, 223
Let p(v) = -2*v + 28. Let l be p(14). Suppose -346 = -3*a - 5*y, -3*a + 5*y - 2*y + 330 = l. List the prime factors of a.
2, 7
Suppose 0 = -102*x + 99*x + 11049. Suppose -x = -14*t - 29. What are the prime factors of t?
3, 29
Suppose 4*z + 475 - 4795 = 0. Suppose -n + z = 5*n. What are the prime factors of (n/35)/(15/(-21) - -1)?
2, 3
Let t(n) = 2*n - 8 + 4 - 10. Let d be t(7). Suppose -j = -6*u + 9*u - 602, d = -5*u - 3*j + 1010. What are the prime factors of u?
199
What are the prime factors of 326/(-4)*(-816 + 6)/5?
3, 163
Let k(f) = -f**2 - 6*f - 4. Let b be k(-4). Let l be (6/(-8))/(b/112). Let u = l + 43. List the prime factors of u.
2, 11
Suppose 2*n - 13 = 3*v, -32 = 5*v + 4*n + 19. Let t = -64 + 104. Let u = t + v. List the prime factors of u.
3, 11
Let c(h) = -32*h**2 - 41*h + 202. Let f(q) = -17*q**2 - 21*q + 101. Let z(j) = -4*c(j) + 7*f(j). List the prime factors of z(10).
3, 17, 19
Let y(m) = 197*m**2 + 63*m - 374. What are the prime factors of y(8)?
2, 3, 11, 193
Suppose 38 = 8*l - 2. Suppose o + 3*x - 429 = -x, -25 = l*x. Suppose -5*n + 3*j = -1012, -2*n + o = 2*j + 57. What are the prime factors of n?
2, 5
Suppose 218386 = -115*p + 119*p - 3*r, -3*r = -3*p + 163785. What are the prime factors of p?
54601
Let h be 11/3 - (-4 - (-44)/12). Suppose h*t = 12, -2*j + 493 = -t - 130. List the prime factors of j.
313
Suppose -4*k - 4*p = -480, -5*p = -4*k + 150 + 285. Let n = k + -28. What are the prime factors of n?
3, 29
Suppose 13*a - 39 = -0*a. Suppose 0 = c - 4, -2*x - 2*c + a = -7. What are the prime factors of 2/((0 - 2) + x) - -54?
2, 13
Let b = -48 + 48. Suppose 4*n - 167 - 289 = b. Let h = n - -53. List the prime factors of h.
167
Let j = -23228 + 44779. List the prime factors of j.
23, 937
Let t = 23 - 20. Suppose -81*l + 79*l - 5*m = -513, t*l = -2*m + 797. What are the prime factors of l?
269
Let j(x) = 5*x**3 - 20*x**2 - 20*x - 32. Let a(n) = n**3 + n**2 - 2*n - 1. Let t(c) = -6*a(c) + j(c). What are the prime factors of t(-26)?
2, 7, 13
Suppose -3*h = -h + 2*o, 4*o = 4. Let v be h + (317 - -4) - (2 + -1). Let q = v - 148. What are the prime factors of q?
3, 19
Let h(g) = 9*g**3 + 17*g**2 - g - 37. Let z(x) = -20*x**3 - 33*x**2 + 3*x + 73. Let f(u) = 9*h(u) + 4*z(u). What are the prime factors of f(-17)?
2, 7, 19
Suppose 3945 = 2*w - 2*u - 29021, 3*w - 4*u = 49452. List the prime factors of w.
2, 5, 103
Let o(p) = -p**2 - 15*p - 28. Let r be o(-4). Let j(u) = 34*u - 102. What are the prime factors of j(r)?
2, 13, 17
Let n(u) = 5868*u**2 + 23*u - 51. What are the prime factors of n(2)?
31, 757
Let i(g) = 3*g**2 + 12*g + 11. Let j(x) = -5*x**2 - 14*x - 10. Let b(l) = -3*i(l) - 2*j(l). Let q be (35 - 1)*2/4. List the prime factors of b(q).
2, 5, 7
Suppose -5*j + 7 = -8. Suppose -v + 2*n - 9 = -j*n, -3*v + n = -1. List the prime factors of -98*(-5)/10 - v.
2, 3
List the prime factors of (-2738)/6*(10 + 2)/(-2).
2, 37
Let c be (-3809208)/(-468) + (10/6 - 1). Suppose -450*d + 461*d = c. What are the prime factors of d?
2, 5, 37
List the prime factors of (603357/(-63))/(-1) + 13*22/(-3003).
61, 157
Let b be -5 - 5*(-690)/(-25). Let k = 171 + b. List the prime factors of k.
2, 7
Let c(i) = 180*i - 20. Let u be c(7). Let o be 2/(-3) + u/60. What are the prime factors of (-290)/o*1*-4?
2, 29
Let x(n) = n**2 - 2*n - 1. Let k = -12 + 11. Let f be x(k). Suppose 2*p + 3*t - 198 = 0, 4*p - t - 206 = f*p. What are the prime factors of p?
2, 3, 17
Let r be 2/1 + 2 + 1/(-1). Suppose n - 34 = -2*s + 5*s, r*n + 3*s = 126. What are the prime factors of (-16)/n - (-1)/(15/186)?
2, 3
Suppose 4*h - 4*p - 20 = 0, 4 = 4*p - 8. What are the prime factors of -9 + 27 + h/4?
2, 5
Let t = 12765 - 6713. Suppose 5*x - 4043 = 4*l + t, 2*x - 5*l - 4038 = 0. List the prime factors of x.
3, 673
Let h(t) = 2*t**2 - 70*t + 512. Let z(j) = -14*j + 102. Let x(l) = 2*h(l) - 11*z(l). What are the prime factors of x(12)?
2, 17, 19
Suppose -2*p + 6064 = i, -3*i - 6049 = -4*i + p. List the prime factors of i.
2, 3, 1009
Let q(r) be the second derivative of -17*r**3/6 - 13*r**2/2 + 30*r - 4. Let t(n) = n**3 + 6*n**2 + 8*n + 5. Let c be t(-5). List the prime factors of q(c).
157
Let j(t) = 99*t**2 - 3*t + 2. Let s(k) = k - 7. Let b be s(8). Let q be j(b). Suppose 4*a = q + 98. What are the prime factors of a?
7
Let g be -7*9*(-4)/(-42). What are the prime factors of g*(-10 + -5 + 1)?
2, 3, 7
Let f(m) = 6870*m**2 + 23*m - 4. List the prime factors of f(-2).
2, 5, 13, 211
Let v = 68212 - 25004. List the prime factors of v.
2, 11, 491
Let n = -2709 + 466. What are the prime factors of (-24)/56 + n/(-7)?
2, 5
Let s = 10 + -4. Let k(v) = 3*v**2 + 9*v**2 + s*v - 2*v**2 + 9 - v**3. List the prime factors of k(10).
3, 23
Let z(h) = 818*h**3 + 5*h**2 + h - 11. What are the prime factors of z(2)?
3, 5, 19, 23
Let a = 480 - 476. Suppose 15*u = 176 + a. What are the prime factors of u?
2, 3
Let b(s) = -1097*s - s**3 + 3 - 15 + 5*s**2 + 1100*s. Let r be b(5). What are the prime factors of (-930)/(r + 2)*2/(-3)?
2, 31